it of c?
6
Let y(q) = 2*q**2 - 5*q - 4 - 21 - 11*q - 3*q**2. Suppose 0 = -70*x + 65*x - 45. What is the tens digit of y(x)?
3
Let f(v) = -v**3 - 72*v**2 + 113*v - 198. What is the hundreds digit of f(-74)?
3
Suppose 3*t + 12 = -3*a, -5*a + 17 = -3. Let h(c) = 25*c + 222. What is the units digit of h(t)?
2
Suppose 2*h + 10 = 5*q, -4*h + 0*q = -2*q - 12. Suppose h*i - 28 = -4*o, -2*i - 4*o = -i + 4. What is the tens digit of (-12)/(-18)*468/i?
3
Let q be (-967)/(-3)*(-5 + 3 - -5). Let j = q - 522. What is the tens digit of j?
4
Suppose -3*k + 583 = -4*n, 0 = -4*n + 6*k - 2*k - 584. Let d = n + 241. What is the units digit of d?
6
Let c = -3 - -498. What is the units digit of c?
5
Suppose 2*i - 2*z - 2*z = 1654, i - 5*z - 818 = 0. Let o = i + -328. What is the tens digit of 4/(80/o)*(4 + 0)?
0
Let b(y) = -10*y**3 - y + 2. Let f be b(1). What is the units digit of (-18)/(-81) + (-2887)/f?
1
Let i be (3 - 259/35)*-225. Suppose 8*x - 1746 = i. What is the units digit of x?
2
Suppose -308 = 9*x - 5*x. Let j = x - -108. Suppose -2*n + 3*n - j = 0. What is the units digit of n?
1
Let f = 7852 + 36. What is the hundreds digit of f?
8
Let r = 417 + -417. What is the units digit of 2940/(-49)*(-9 - r)?
0
Let i(o) be the first derivative of -o**4/4 - 8*o**3/3 - 9*o**2 - 10*o - 95. Suppose 2*d = -3*b - 17, -2*d + 5*d + 2*b + 23 = 0. What is the tens digit of i(d)?
6
Let x(w) = -526*w - 2065. What is the hundreds digit of x(-21)?
9
Let o be 5148*((-88)/(-12))/(-11). What is the tens digit of 2*(-4 - o/16)?
2
Suppose 21*w - 39 = 24. Suppose w*x - k - 1733 = 3*k, 4*x - 2315 = k. What is the hundreds digit of x?
5
Suppose -21*c + 18*c = 3. Let m(b) = b**3 + b**2 + 2*b + 1. Let y be m(c). Let k = 131 - y. What is the tens digit of k?
3
Let s be 5/(-4)*(-6 - -2). Suppose -s*y = -1292 - 1073. What is the units digit of y?
3
Let o(z) be the second derivative of 37*z**3/6 + 3*z**2/2 + 38*z. What is the hundreds digit of o(15)?
5
Suppose 36*v - 994 = -94. Suppose -5*b + 3*s = -3460, 5*b - 21*s = -v*s + 3460. What is the tens digit of b?
9
Let v(c) = 205*c - 44. Let r be (12/(-30))/((0 + -3)/15). What is the hundreds digit of v(r)?
3
Suppose 14*g - 5*g - 270 = 0. Let b(o) = -o**3 + 28*o**2 + 64*o + 9. What is the units digit of b(g)?
9
Let u(i) = -118*i - 3411. What is the tens digit of u(-107)?
1
Let w be (3/(-6))/((-3)/(-30)). Let s(n) = -206 + 67 + 118 - 51*n. What is the units digit of s(w)?
4
Let v = -143 + -910. Let r = v + 1724. What is the units digit of r?
1
Let f = 2465 - 1412. Let t be ((-40)/15 - -4)*9. Suppose -t*p = -519 - f. What is the tens digit of p?
3
What is the thousands digit of -2 + (1 - (-11358)/6 - -3)?
1
Let r = 44022 - 30608. What is the tens digit of r?
1
Let i be (-2789)/(-1*(-1)/(-9)*3). Suppose -4366 = -17*z + i. What is the tens digit of z?
4
Suppose z - 25025 = 4*b, -100028 = 193*z - 197*z + 4*b. What is the tens digit of z?
0
Let q be -3*(5 - (1 + 35)). Suppose -7*r + q + 47 = 0. Suppose 18 = p - r. What is the tens digit of p?
3
Suppose 17 - 5 = 3*r. Suppose k - 6*k + r*h + 835 = 0, 0 = -3*k + 5*h + 488. Suppose 0 = -4*y + y + k. What is the units digit of y?
7
Let s be 121/66 + (-2)/(-12). Suppose 3*r - 3 = 6. Suppose -4*v + 72 = v + s*a, 0 = 2*v + r*a - 20. What is the tens digit of v?
1
Suppose 5*d + 2224 = 4*p, 7 - 23 = -4*d. What is the tens digit of (-1*4)/((-3)/p)?
4
What is the units digit of (-129 - -40557) + 0/(-2)?
8
Suppose k = 3*k - 4. Suppose 42 = -k*i - 24. What is the units digit of 8/6 + (-7447)/i?
7
Suppose -36210 = -47*y + 145727. What is the thousands digit of y?
3
Suppose 2*j = 3*a + 6, 7*j - 12*j + 15 = -a. Suppose 5*y + 64 = 219. Suppose -56 = -j*k - 3*h + y, 2*h - 136 = -5*k. What is the tens digit of k?
2
Suppose 81087 = 11*v - 293965 - 72263. What is the units digit of v?
5
Suppose 5*k - 48058 - 41075 = -20863. What is the ten thousands digit of k?
1
Let f = 760 - -4619. What is the units digit of f?
9
Let t(g) = g - 2. Let n be t(4). Let i be (-36)/20 - n/10. What is the units digit of i/(-3)*234/4?
9
Let w(t) = -3*t**2 + 9*t. Let j be w(3). What is the thousands digit of (-135 + j)/((-7)/63)?
1
What is the tens digit of (-8*17 - 153/17)*608/(-5)?
3
Let f be 9265/17 - (-6 + -1). What is the thousands digit of (-92368)/f*(15/2)/(-1)?
1
Suppose -18*k = 5*k - 61870. Let s = -1851 + k. What is the units digit of s?
9
Suppose 353*r - 20*r = 3864798. What is the thousands digit of r?
1
Suppose -4 + 4 = 7*t. Suppose -89*s + 93*s - 4780 = t. What is the hundreds digit of s?
1
Suppose 4*t - 31*h + 28*h + 3592 = 0, -3*t - 2694 = h. What is the tens digit of 1 - 13/(13/t)?
9
Suppose -n - 5*j = -10092, n - 5*j = 2*j + 10092. What is the hundreds digit of n?
0
Let c be (0 - -2)/((-43)/(-42914)). Let b = -1013 + c. What is the units digit of b?
3
Let b(l) = 4607*l + 1893. What is the tens digit of b(5)?
2
Suppose 4*j + j = 75. Suppose -10*u = -j*u + 150. Let o = u + -7. What is the tens digit of o?
2
Let t be (12/(-16))/(-3)*(-7 + 7). Suppose t = -2*k - 2*x + 596 - 190, -k = -2*x - 209. What is the units digit of k?
5
Let a(m) = m**3 - m**2 + 257. Let l be a(0). Let u(r) = -23*r + 1. Let j be u(8). Let s = j + l. What is the units digit of s?
4
Suppose -5*s = -5, 0 = k - 5*s - 969 - 4982. What is the tens digit of k?
5
Let s = 26 + -35. Let y(o) = 2*o**2 + 9*o - 11. Let a be y(s). Let t = -45 + a. What is the units digit of t?
5
Suppose f = 1, 6*b + 4*f = 5*b + 9. Let u be (b + (-125)/15)*(-12)/5. What is the units digit of ((-28)/u - -4)*14?
7
Suppose -z + 5*r + 29010 = 0, 40*z = 35*z + 3*r + 145050. What is the tens digit of z?
1
Let f(v) = 8*v**3 - 737*v**2 - 57*v + 347. What is the hundreds digit of f(93)?
5
Suppose 2 = -5*b + 12. Suppose y - 5*y = 5*v - 18, -b*v - 2 = -3*y. Suppose -4*p + 61 = c, -36 = -c + v*p + 25. What is the tens digit of c?
6
Let d(m) = 87*m**2 + 9*m - 13. Let s be d(5). Suppose 0 = 7*p - s - 2280. What is the units digit of p?
1
Let u = 80 - 137. Let k = -51 - u. Suppose 2 - k = -c, -2*c - 54 = -2*q. What is the units digit of q?
1
Suppose -316*p + 2328 = -310*p. Let n = p - -609. What is the units digit of n?
7
Let s = -24745 + 41025. What is the tens digit of s?
8
What is the thousands digit of ((-55)/110)/((-2)/11444)?
2
Let g = -233 - -538. Let k = g - 284. What is the tens digit of k?
2
Let l be (-8 - 136)/((-18)/(-12)). Let f(g) = -17*g + 10. Let v be f(-7). Let j = v + l. What is the tens digit of j?
3
Let a(z) = 65*z + 5. Let g(p) = 64*p + 4. Let u(q) = 2*a(q) - 3*g(q). What is the hundreds digit of u(-4)?
2
Let j(k) = 229*k**2 - 9*k - 40. Let g(a) = a**3 + 5*a**2 - 24*a - 3. Let x be g(-8). What is the tens digit of j(x)?
4
Suppose 0 = 2*z + 5*h - 33, 0*z = -z + 3*h - 11. Suppose 0 = -2*q - r - 464, z*q + q + 5*r = -1170. Let c = 330 + q. What is the units digit of c?
0
Suppose -338*w + 1073021 + 6065877 = 0. What is the thousands digit of w?
1
Suppose 0 = 11*i - 5*i + 90. Let w be ((-164)/3)/((-1)/(i/(-10))). Let y = -77 + w. What is the units digit of y?
5
What is the ten thousands digit of (12 + (-970)/40)/((-1)/1636)?
2
Let z = -50 - -55. What is the units digit of 54 + (z - 8 - -1)?
2
Suppose 3*r - 60 = 3*g + 735, 3*g = -12. Suppose -r = 5*u - 3*n, 3*u - 98 = 5*u + 2*n. Let v = 207 + u. What is the units digit of v?
6
Suppose 0 = -89*v - 10*v + 804078. What is the hundreds digit of v?
1
Let a(t) = -10*t + 3. Let w be a(-9). Suppose 5*n = -10, 4*j + w = 3*n - 205. Let u = 177 + j. What is the units digit of u?
1
Let v(h) be the first derivative of h**5/20 - h**4/3 - 7*h**3/3 + 13*h**2 + 14*h - 6. Let q(m) be the first derivative of v(m). What is the tens digit of q(7)?
7
Suppose 0 = 222*n - 150390 + 34728. What is the hundreds digit of n?
5
Let q(w) = 18*w**3 + 5*w**2 - 5*w - 80. What is the tens digit of q(7)?
0
Let w(h) = 4*h**2 - 31*h - 16. What is the tens digit of w(-93)?
6
Let p be (-11)/((-33)/15)*22. Let t = 233 - p. What is the units digit of t?
3
Suppose 8566 = 5*i + 5*q + 1626, -5*q = -40. What is the thousands digit of i?
1
Let d(s) = s**3 + 23*s**2 + 41*s - 5. Let r be d(-21). Suppose -r*b + 9330 = -6*b. What is the tens digit of b?
3
Let w(x) = -x**2 - 15*x - 4. Let u = 28 + -44. Let p be w(u). Let j = 58 + p. What is the units digit of j?
8
Let u(d) = -3*d**2 -